{"id":7197,"date":"2021-02-19T09:06:03","date_gmt":"2021-02-19T08:06:03","guid":{"rendered":"http:\/\/wbs-itzehoe.de\/?page_id=7197"},"modified":"2021-02-19T18:08:44","modified_gmt":"2021-02-19T17:08:44","slug":"schulabschluesse","status":"publish","type":"page","link":"https:\/\/wbs-itzehoe.de\/?page_id=7197","title":{"rendered":"Schulabschl\u00fcsse"},"content":{"rendered":"<p><span style=\"color: #000000; font-family: georgia, palatino, serif; font-size: 12pt;\">An unserer Schule k\u00f6nnen verschiedene Schulabschl\u00fcsse erreicht werden:<\/span><\/p>\n<ul>\n<li>\n<p><span style=\"font-family: georgia, palatino, serif; font-size: 12pt;\"><b><span style=\"color: #000000;\">F\u00f6rderschulabschluss<\/span><\/b><\/span><\/p>\n<\/li>\n<li>\n<p><span style=\"font-family: georgia, palatino, serif; font-size: 12pt;\"><span style=\"color: #000000;\">der <\/span><span style=\"color: #000000;\"><b>Erste allgemeinbildende Schulabschluss = ESA <\/b><\/span><span style=\"color: #000000;\">(<\/span><span style=\"color: #000000;\">fr\u00fcher Hauptschulabschluss),<\/span><\/span><\/p>\n<\/li>\n<li>\n<p><span style=\"font-family: georgia, palatino, serif; font-size: 12pt;\"><span style=\"color: #000000;\">der <\/span><span style=\"color: #000000;\"><b>Mittlere Schulabschluss = MSA<\/b><\/span><span style=\"color: #000000;\"> (fr\u00fcher Realschulabschluss).<\/span><\/span><\/p>\n<\/li>\n<\/ul>\n<ul>\n<li>\n<p><span style=\"font-family: georgia, palatino, serif; font-size: 12pt;\"><span style=\"color: #000000;\">Zudem besteht die M\u00f6glichkeit, bei entsprechendem <a href=\"http:\/\/www.gesetze-rechtsprechung.sh.juris.de\/jportal\/portal\/t\/zc2\/page\/bsshoprod.psml\/action\/portlets.jw.MainAction?p1=a&amp;eventSubmit_doNavigate=searchInSubtreeTOC&amp;showdoccase=1&amp;doc.hl=0&amp;doc.id=jlr-GemSchulVSH2019pP7&amp;doc.part=S&amp;toc.poskey=#focuspoint\">Notendurchschnitt<\/a> (GemVO \u00a77, Abs. 6), die<\/span><span style=\"color: #000000;\"><b> Versetzung in die Oberstufe eines Gymnasiums<\/b><\/span><span style=\"color: #000000;\"> zu erlangen.<\/span><\/span><\/p>\n<\/li>\n<\/ul>\n<p><span style=\"color: #000000; font-family: georgia, palatino, serif; font-size: 12pt;\">Mit folgenden Gymnasien hat die Wolfgang-Borchert-Schule einen <b>Kooperationsvertrag<\/b> abgeschlossen, so dass unsere Sch\u00fcler*innen bei entsprechendem Notendurchschnitt <b>vorrangig <\/b>aufgenommen werden k\u00f6nnen:<\/span><\/p>\n<ul>\n<li>\n<p><span style=\"color: #000000; font-family: georgia, palatino, serif; font-size: 12pt;\">mit der Auguste Viktoria Schule (AVS),<\/span><\/p>\n<\/li>\n<li>\n<p><span style=\"color: #000000; font-family: georgia, palatino, serif; font-size: 12pt;\">mit der Kaiser-Karl-Schule (KKS),<\/span><\/p>\n<\/li>\n<li>\n<p><span style=\"color: #000000; font-family: georgia, palatino, serif; font-size: 12pt;\">mit dem Beruflichen Gymnasium am Regionalen Bildungszentrum Steinburg (RBZ).<\/span><\/p>\n<\/li>\n<\/ul>\n<p><a href=\"https:\/\/www.avs-itzehoe.de\/\"><img loading=\"lazy\" decoding=\"async\" class=\"alignnone size-medium wp-image-3835\" src=\"http:\/\/wbs-itzehoe.de\/wp-content\/uploads\/2015\/11\/AVSLogo-300x100.jpg\" alt=\"\" width=\"300\" height=\"100\" \/><\/a><a href=\"https:\/\/www.kks-itzehoe.de\/\"><img loading=\"lazy\" decoding=\"async\" class=\"size-full wp-image-3837 alignright\" src=\"http:\/\/wbs-itzehoe.de\/wp-content\/uploads\/2015\/11\/kks-Logo.bmp\" alt=\"\" width=\"112\" height=\"156\" \/><\/a><a href=\"https:\/\/www.rbz-steinburg.de\/\"><img loading=\"lazy\" decoding=\"async\" class=\"size-medium wp-image-3836 aligncenter\" src=\"http:\/\/wbs-itzehoe.de\/wp-content\/uploads\/2015\/11\/rbz_logo-300x157.jpg\" alt=\"\" width=\"300\" height=\"157\" srcset=\"https:\/\/wbs-itzehoe.de\/wp-content\/uploads\/2015\/11\/rbz_logo-300x157.jpg 300w, https:\/\/wbs-itzehoe.de\/wp-content\/uploads\/2015\/11\/rbz_logo.jpg 500w\" sizes=\"auto, (max-width: 300px) 100vw, 300px\" \/><\/a><\/p>\n","protected":false},"excerpt":{"rendered":"<p>An unserer Schule k\u00f6nnen verschiedene Schulabschl\u00fcsse erreicht werden: F\u00f6rderschulabschluss der Erste allgemeinbildende Schulabschluss = ESA (fr\u00fcher Hauptschulabschluss), der Mittlere Schulabschluss = MSA (fr\u00fcher Realschulabschluss). Zudem besteht die M\u00f6glichkeit, bei entsprechendem Notendurchschnitt (GemVO \u00a77, Abs. 6), die Versetzung in die Oberstufe &hellip; <a href=\"https:\/\/wbs-itzehoe.de\/?page_id=7197\">Weiterlesen <span class=\"meta-nav\">&rarr;<\/span><\/a><\/p>\n","protected":false},"author":6,"featured_media":0,"parent":960,"menu_order":8,"comment_status":"closed","ping_status":"closed","template":"","meta":{"footnotes":""},"class_list":["post-7197","page","type-page","status-publish","hentry"],"_links":{"self":[{"href":"https:\/\/wbs-itzehoe.de\/index.php?rest_route=\/wp\/v2\/pages\/7197","targetHints":{"allow":["GET"]}}],"collection":[{"href":"https:\/\/wbs-itzehoe.de\/index.php?rest_route=\/wp\/v2\/pages"}],"about":[{"href":"https:\/\/wbs-itzehoe.de\/index.php?rest_route=\/wp\/v2\/types\/page"}],"author":[{"embeddable":true,"href":"https:\/\/wbs-itzehoe.de\/index.php?rest_route=\/wp\/v2\/users\/6"}],"replies":[{"embeddable":true,"href":"https:\/\/wbs-itzehoe.de\/index.php?rest_route=%2Fwp%2Fv2%2Fcomments&post=7197"}],"version-history":[{"count":8,"href":"https:\/\/wbs-itzehoe.de\/index.php?rest_route=\/wp\/v2\/pages\/7197\/revisions"}],"predecessor-version":[{"id":7256,"href":"https:\/\/wbs-itzehoe.de\/index.php?rest_route=\/wp\/v2\/pages\/7197\/revisions\/7256"}],"up":[{"embeddable":true,"href":"https:\/\/wbs-itzehoe.de\/index.php?rest_route=\/wp\/v2\/pages\/960"}],"wp:attachment":[{"href":"https:\/\/wbs-itzehoe.de\/index.php?rest_route=%2Fwp%2Fv2%2Fmedia&parent=7197"}],"curies":[{"name":"wp","href":"https:\/\/api.w.org\/{rel}","templated":true}]}}