{"id":7200,"date":"2021-02-19T09:07:45","date_gmt":"2021-02-19T08:07:45","guid":{"rendered":"http:\/\/wbs-itzehoe.de\/?page_id=7200"},"modified":"2021-02-20T11:22:20","modified_gmt":"2021-02-20T10:22:20","slug":"leben-und-lernen-an-der-wbs","status":"publish","type":"page","link":"https:\/\/wbs-itzehoe.de\/?page_id=7200","title":{"rendered":"Leben und Lernen an der WBS"},"content":{"rendered":"<p><span style=\"font-family: georgia, palatino, serif; font-size: 12pt;\"><span style=\"color: #000000;\">Von der 5. bis einschlie\u00dflich 7. Jahrgangsstufe lernen alle Kinder <\/span><span style=\"color: #000000;\"><b>zusammen in ihrem Klassenverband<\/b><\/span><span style=\"color: #000000;\">. Dabei werden Lerninhalte und Leistungsnachweise den individuellen F\u00e4higkeiten und Begabungen der Sch\u00fcler durch ein vielf\u00e4ltiges Differenzierungsprogramm angepasst. So ist es m\u00f6glich, dass auf <\/span><span style=\"color: #000000;\"><b>verschiedenen Leistungsniveaus<\/b><\/span><span style=\"color: #000000;\"> gearbeitet werden und sich jeder <\/span><span style=\"color: #000000;\"><b>in seinem Lerntempo bestm\u00f6glich <\/b><\/span><span style=\"color: #000000;\">entwickeln kann.<\/span><\/span><\/p>\n<p><span style=\"color: #000000; font-family: georgia, palatino, serif; font-size: 12pt;\">Auf der Grundlage von Diagnosetests, die wir zu Beginn der 5. Klasse durchf\u00fchren und genauen Beobachtungen durch unsere Lehrkr\u00e4fte, ist es m\u00f6glich, Eltern und Sch\u00fcler bestm\u00f6glich \u00fcber den zuk\u00fcnftigen Bildungsweg zu beraten. In der 6. und 8. Klassen nehmen wir an den <strong>Vergleichsarbeiten<\/strong> in Deutsch, Mathe und Englisch teil.<\/span><\/p>\n<p><span style=\"font-family: georgia, palatino, serif; font-size: 12pt;\"><span style=\"color: #000000;\">Erst ab <\/span><span style=\"color: #000000;\"><b>Klassenstufe 8<\/b><\/span><b> <\/b><span style=\"color: #000000;\">bilden wir in den F\u00e4chern<\/span><span style=\"color: #000000;\"><b> Deutsch, Mathematik und Englisch <\/b><\/span><\/span><span style=\"color: #000000; font-family: georgia, palatino, serif; font-size: 12pt;\"><b>Basis- und Erweiterungskurse. <\/b>Die <b>Durchl\u00e4ssigkeit<\/b> ist jedoch auch in diesen Jahrgangsstufen gegeben, so dass Sch\u00fcler*innen bei ver\u00e4ndertem Leistungsbild die Kurse wechseln k\u00f6nnen.<\/span><\/p>\n<p><span style=\"color: #000000; font-family: georgia, palatino, serif; font-size: 12pt;\">In allen Jahrg\u00e4ngen ist uns die <b>Qualit\u00e4t<\/b> unseres Unterrichts au\u00dferordentlich wichtig:<\/span><\/p>\n<ol>\n<li>\n<p><span style=\"font-family: georgia, palatino, serif; font-size: 12pt;\"><span style=\"color: #000000;\">Das Fach Nawi (Naturwissenschaften) wird ab der <\/span><span style=\"color: #000000;\"><b>8. Klassenstufe<\/b><\/span><span style=\"color: #000000;\"> wieder in seinen Kernf\u00e4chern (Biologie, Chemie und Physik) unterrichtet.<\/span><\/span><\/p>\n<\/li>\n<li>\n<p><span style=\"font-family: georgia, palatino, serif; font-size: 12pt;\"><span style=\"color: #000000;\">In allen Jahrg\u00e4ngen bleiben Geographie, Geschichte und Religion als eigenst\u00e4ndige F\u00e4cher bestehen und werden <\/span><span style=\"color: #000000;\"><b>nicht<\/b><\/span><span style=\"color: #000000;\"> in dem Fach Weltkunde zusammengefasst.<\/span><\/span><\/p>\n<\/li>\n<li>\n<p><span style=\"font-family: georgia, palatino, serif; font-size: 12pt;\"><span style=\"color: #000000;\">Ab der <\/span><span style=\"color: #000000;\"><b>7. Jahrgangsstufe<\/b><\/span><span style=\"color: #000000;\"> w\u00e4hlen die Sch\u00fcler mit ihrem <\/span><span style=\"color: #000000;\"><b>WPU<\/b><\/span><span style=\"color: #000000;\"> (Wahlpflichtunterricht) ihr eigenes Profil, welches unter Umst\u00e4nden schon richtungsweisend f\u00fcr den weiteren Lebensweg sein kann (nicht muss). Zurzeit bieten wir folgende Profile an:<\/span><\/span><\/p>\n<p><span style=\"color: #000000; font-family: georgia, palatino, serif; font-size: 12pt;\">&#8211; Franz\u00f6sich<\/span><\/p>\n<p><span style=\"color: #000000; font-family: georgia, palatino, serif; font-size: 12pt;\">&#8211; Medienkunde<\/span><\/p>\n<p><span style=\"color: #000000; font-family: georgia, palatino, serif; font-size: 12pt;\">&#8211; Fit f\u00fcr\u00b4s Leben (Schwerpunkt Verbraucherbildung)<\/span><\/p>\n<p><span style=\"color: #000000; font-family: georgia, palatino, serif; font-size: 12pt;\">&#8211; Fit und gesund (Schwerpunkt Bewegung)<\/span><\/p>\n<p><span style=\"color: #000000; font-family: georgia, palatino, serif; font-size: 12pt;\">&#8211; Technik (in der 8. Klasse in Kooperation mit der Berufsschule).<\/span><\/p>\n<\/li>\n<li>\n<p><span style=\"font-family: georgia, palatino, serif; font-size: 12pt;\"><span style=\"color: #000000;\">Wir sind bem\u00fcht alle F\u00e4cher nach M\u00f6glichkeit von studierten <\/span><span style=\"color: #000000;\"><b>Fachlehrern<\/b><\/span><span style=\"color: #000000;\"> unterrichten zu lassen, denn uns ist bewusst, dass nur ein Profi das Interesse und die Freude f\u00fcr sein Fach bei den Sch\u00fcler*innen entfachen kann und so unser hoher Qualit\u00e4tsanspruch gesichert ist.<\/span><\/span><\/p>\n<\/li>\n<\/ol>\n<p><img loading=\"lazy\" decoding=\"async\" class=\"size-medium wp-image-5273 aligncenter\" src=\"http:\/\/wbs-itzehoe.de\/wp-content\/uploads\/2018\/03\/P1080234-300x200.jpg\" alt=\"\" width=\"300\" height=\"200\" srcset=\"https:\/\/wbs-itzehoe.de\/wp-content\/uploads\/2018\/03\/P1080234-300x200.jpg 300w, https:\/\/wbs-itzehoe.de\/wp-content\/uploads\/2018\/03\/P1080234-768x512.jpg 768w, https:\/\/wbs-itzehoe.de\/wp-content\/uploads\/2018\/03\/P1080234-1024x683.jpg 1024w\" sizes=\"auto, (max-width: 300px) 100vw, 300px\" \/><\/p>\n","protected":false},"excerpt":{"rendered":"<p>Von der 5. bis einschlie\u00dflich 7. Jahrgangsstufe lernen alle Kinder zusammen in ihrem Klassenverband. Dabei werden Lerninhalte und Leistungsnachweise den individuellen F\u00e4higkeiten und Begabungen der Sch\u00fcler durch ein vielf\u00e4ltiges Differenzierungsprogramm angepasst. So ist es m\u00f6glich, dass auf verschiedenen Leistungsniveaus gearbeitet &hellip; <a href=\"https:\/\/wbs-itzehoe.de\/?page_id=7200\">Weiterlesen <span class=\"meta-nav\">&rarr;<\/span><\/a><\/p>\n","protected":false},"author":6,"featured_media":0,"parent":901,"menu_order":4,"comment_status":"closed","ping_status":"closed","template":"","meta":{"footnotes":""},"class_list":["post-7200","page","type-page","status-publish","hentry"],"_links":{"self":[{"href":"https:\/\/wbs-itzehoe.de\/index.php?rest_route=\/wp\/v2\/pages\/7200","targetHints":{"allow":["GET"]}}],"collection":[{"href":"https:\/\/wbs-itzehoe.de\/index.php?rest_route=\/wp\/v2\/pages"}],"about":[{"href":"https:\/\/wbs-itzehoe.de\/index.php?rest_route=\/wp\/v2\/types\/page"}],"author":[{"embeddable":true,"href":"https:\/\/wbs-itzehoe.de\/index.php?rest_route=\/wp\/v2\/users\/6"}],"replies":[{"embeddable":true,"href":"https:\/\/wbs-itzehoe.de\/index.php?rest_route=%2Fwp%2Fv2%2Fcomments&post=7200"}],"version-history":[{"count":6,"href":"https:\/\/wbs-itzehoe.de\/index.php?rest_route=\/wp\/v2\/pages\/7200\/revisions"}],"predecessor-version":[{"id":7270,"href":"https:\/\/wbs-itzehoe.de\/index.php?rest_route=\/wp\/v2\/pages\/7200\/revisions\/7270"}],"up":[{"embeddable":true,"href":"https:\/\/wbs-itzehoe.de\/index.php?rest_route=\/wp\/v2\/pages\/901"}],"wp:attachment":[{"href":"https:\/\/wbs-itzehoe.de\/index.php?rest_route=%2Fwp%2Fv2%2Fmedia&parent=7200"}],"curies":[{"name":"wp","href":"https:\/\/api.w.org\/{rel}","templated":true}]}}

<p><span style="font-family: georgia, palatino, serif; font-size: 12pt;"><span style="color: #000000;">Von der 5. bis einschließlich 7. Jahrgangsstufe lernen alle Kinder </span><span style="color: #000000;"><b>zusammen in ihrem Klassenverband</b></span><span style="color: #000000;">. Dabei werden Lerninhalte und Leistungsnachweise den individuellen Fähigkeiten und Begabungen der Schüler durch ein vielfältiges Differenzierungsprogramm angepasst. So ist es möglich, dass auf </span><span style="color: #000000;"><b>verschiedenen Leistungsniveaus</b></span><span style="color: #000000;"> gearbeitet werden und sich jeder </span><span style="color: #000000;"><b>in seinem Lerntempo bestmöglich </b></span><span style="color: #000000;">entwickeln kann.</span></span></p>
<p><span style="color: #000000; font-family: georgia, palatino, serif; font-size: 12pt;">Auf der Grundlage von Diagnosetests, die wir zu Beginn der 5. Klasse durchführen und genauen Beobachtungen durch unsere Lehrkräfte, ist es möglich, Eltern und Schüler bestmöglich über den zukünftigen Bildungsweg zu beraten. In der 6. und 8. Klassen nehmen wir an den <strong>Vergleichsarbeiten</strong> in Deutsch, Mathe und Englisch teil.</span></p>
<p><span style="font-family: georgia, palatino, serif; font-size: 12pt;"><span style="color: #000000;">Erst ab </span><span style="color: #000000;"><b>Klassenstufe 8</b></span><b> </b><span style="color: #000000;">bilden wir in den Fächern</span><span style="color: #000000;"><b> Deutsch, Mathematik und Englisch </b></span></span><span style="color: #000000; font-family: georgia, palatino, serif; font-size: 12pt;"><b>Basis- und Erweiterungskurse. </b>Die <b>Durchlässigkeit</b> ist jedoch auch in diesen Jahrgangsstufen gegeben, so dass Schüler*innen bei verändertem Leistungsbild die Kurse wechseln können.</span></p>
<p><span style="color: #000000; font-family: georgia, palatino, serif; font-size: 12pt;">In allen Jahrgängen ist uns die <b>Qualität</b> unseres Unterrichts außerordentlich wichtig:</span></p>
<ol>
<li>
<p><span style="font-family: georgia, palatino, serif; font-size: 12pt;"><span style="color: #000000;">Das Fach Nawi (Naturwissenschaften) wird ab der </span><span style="color: #000000;"><b>8. Klassenstufe</b></span><span style="color: #000000;"> wieder in seinen Kernfächern (Biologie, Chemie und Physik) unterrichtet.</span></span></p>
</li>
<li>
<p><span style="font-family: georgia, palatino, serif; font-size: 12pt;"><span style="color: #000000;">In allen Jahrgängen bleiben Geographie, Geschichte und Religion als eigenständige Fächer bestehen und werden </span><span style="color: #000000;"><b>nicht</b></span><span style="color: #000000;"> in dem Fach Weltkunde zusammengefasst.</span></span></p>
</li>
<li>
<p><span style="font-family: georgia, palatino, serif; font-size: 12pt;"><span style="color: #000000;">Ab der </span><span style="color: #000000;"><b>7. Jahrgangsstufe</b></span><span style="color: #000000;"> wählen die Schüler mit ihrem </span><span style="color: #000000;"><b>WPU</b></span><span style="color: #000000;"> (Wahlpflichtunterricht) ihr eigenes Profil, welches unter Umständen schon richtungsweisend für den weiteren Lebensweg sein kann (nicht muss). Zurzeit bieten wir folgende Profile an:</span></span></p>
<p><span style="color: #000000; font-family: georgia, palatino, serif; font-size: 12pt;">&#8211; Französich</span></p>
<p><span style="color: #000000; font-family: georgia, palatino, serif; font-size: 12pt;">&#8211; Medienkunde</span></p>
<p><span style="color: #000000; font-family: georgia, palatino, serif; font-size: 12pt;">&#8211; Fit für´s Leben (Schwerpunkt Verbraucherbildung)</span></p>
<p><span style="color: #000000; font-family: georgia, palatino, serif; font-size: 12pt;">&#8211; Fit und gesund (Schwerpunkt Bewegung)</span></p>
<p><span style="color: #000000; font-family: georgia, palatino, serif; font-size: 12pt;">&#8211; Technik (in der 8. Klasse in Kooperation mit der Berufsschule).</span></p>
</li>
<li>
<p><span style="font-family: georgia, palatino, serif; font-size: 12pt;"><span style="color: #000000;">Wir sind bemüht alle Fächer nach Möglichkeit von studierten </span><span style="color: #000000;"><b>Fachlehrern</b></span><span style="color: #000000;"> unterrichten zu lassen, denn uns ist bewusst, dass nur ein Profi das Interesse und die Freude für sein Fach bei den Schüler*innen entfachen kann und so unser hoher Qualitätsanspruch gesichert ist.</span></span></p>
</li>
</ol>
<p><img loading="lazy" decoding="async" class="size-medium wp-image-5273 aligncenter" src="http://wbs-itzehoe.de/wp-content/uploads/2018/03/P1080234-300x200.jpg" alt="" width="300" height="200" srcset="https://wbs-itzehoe.de/wp-content/uploads/2018/03/P1080234-300x200.jpg 300w, https://wbs-itzehoe.de/wp-content/uploads/2018/03/P1080234-768x512.jpg 768w, https://wbs-itzehoe.de/wp-content/uploads/2018/03/P1080234-1024x683.jpg 1024w" sizes="auto, (max-width: 300px) 100vw, 300px" /></p>

<p>Von der 5. bis einschließlich 7. Jahrgangsstufe lernen alle Kinder zusammen in ihrem Klassenverband. Dabei werden Lerninhalte und Leistungsnachweise den individuellen Fähigkeiten und Begabungen der Schüler durch ein vielfältiges Differenzierungsprogramm angepasst. So ist es möglich, dass auf verschiedenen Leistungsniveaus gearbeitet &hellip; <a href="https://wbs-itzehoe.de/?page_id=7200">Weiterlesen <span class="meta-nav">&rarr;</span></a></p>
