{"id":8276,"date":"2022-03-02T14:07:43","date_gmt":"2022-03-02T13:07:43","guid":{"rendered":"https:\/\/wbs-itzehoe.de\/?page_id=8276"},"modified":"2022-03-07T07:42:47","modified_gmt":"2022-03-07T06:42:47","slug":"von-schueler-fuer-schueler","status":"publish","type":"page","link":"https:\/\/wbs-itzehoe.de\/?page_id=8276","title":{"rendered":"Von Sch\u00fcler f\u00fcr Sch\u00fcler"},"content":{"rendered":"<p>Um den Pausenbereich der DaZ-Klasse etwas aufzuwerten, bauten die Sch\u00fcler der 8f eine Sitzgruppe bestehend aus einem Tisch und zwei B\u00e4nken aus Paletten.<\/p>\n<p>Mit viel Engagement wurde ausgemessen, Skizzen angefertigt, geplant, berechnet, ges\u00e4gt, gefeilt und verschraubt.<\/p>\n<p>Die strahlenden Gesichter der DaZ-Sch\u00fcler waren der Lohn f\u00fcr den tatkr\u00e4ftigen Einsatz der Sch\u00fcler.<\/p>\n<p>Mit gro\u00dfem Jubel und einem Plakat voller lachender Smileys bedankte sich die Klasse samt der Klassenlehrerin bei den sechs Sch\u00fclern.<\/p>\n<p>Es ist sch\u00f6n zu sehen, wie solche Projekte Sch\u00fcler st\u00e4rken und den Zusammenhalt f\u00f6rdern.<\/p>\n<p>Es hat viel Spa\u00df gemacht und wird bestimmt nicht unser letztes Projekt gewesen sein.<\/p>\n<p><img loading=\"lazy\" decoding=\"async\" class=\"aligncenter size-medium wp-image-8281\" src=\"https:\/\/wbs-itzehoe.de\/wp-content\/uploads\/2022\/03\/Foto_DaZ-Palettenbank-2-300x225.jpg\" alt=\"\" width=\"300\" height=\"225\" srcset=\"https:\/\/wbs-itzehoe.de\/wp-content\/uploads\/2022\/03\/Foto_DaZ-Palettenbank-2-300x225.jpg 300w, https:\/\/wbs-itzehoe.de\/wp-content\/uploads\/2022\/03\/Foto_DaZ-Palettenbank-2-1024x768.jpg 1024w, https:\/\/wbs-itzehoe.de\/wp-content\/uploads\/2022\/03\/Foto_DaZ-Palettenbank-2-768x576.jpg 768w, https:\/\/wbs-itzehoe.de\/wp-content\/uploads\/2022\/03\/Foto_DaZ-Palettenbank-2-1536x1152.jpg 1536w, https:\/\/wbs-itzehoe.de\/wp-content\/uploads\/2022\/03\/Foto_DaZ-Palettenbank-2-2048x1536.jpg 2048w\" sizes=\"auto, (max-width: 300px) 100vw, 300px\" \/><\/p>\n","protected":false},"excerpt":{"rendered":"<p>Um den Pausenbereich der DaZ-Klasse etwas aufzuwerten, bauten die Sch\u00fcler der 8f eine Sitzgruppe bestehend aus einem Tisch und zwei B\u00e4nken aus Paletten. Mit viel Engagement wurde ausgemessen, Skizzen angefertigt, geplant, berechnet, ges\u00e4gt, gefeilt und verschraubt. Die strahlenden Gesichter der &hellip; <a href=\"https:\/\/wbs-itzehoe.de\/?page_id=8276\">Weiterlesen <span class=\"meta-nav\">&rarr;<\/span><\/a><\/p>\n","protected":false},"author":11,"featured_media":0,"parent":7195,"menu_order":9,"comment_status":"closed","ping_status":"closed","template":"","meta":{"footnotes":""},"class_list":["post-8276","page","type-page","status-publish","hentry"],"_links":{"self":[{"href":"https:\/\/wbs-itzehoe.de\/index.php?rest_route=\/wp\/v2\/pages\/8276","targetHints":{"allow":["GET"]}}],"collection":[{"href":"https:\/\/wbs-itzehoe.de\/index.php?rest_route=\/wp\/v2\/pages"}],"about":[{"href":"https:\/\/wbs-itzehoe.de\/index.php?rest_route=\/wp\/v2\/types\/page"}],"author":[{"embeddable":true,"href":"https:\/\/wbs-itzehoe.de\/index.php?rest_route=\/wp\/v2\/users\/11"}],"replies":[{"embeddable":true,"href":"https:\/\/wbs-itzehoe.de\/index.php?rest_route=%2Fwp%2Fv2%2Fcomments&post=8276"}],"version-history":[{"count":3,"href":"https:\/\/wbs-itzehoe.de\/index.php?rest_route=\/wp\/v2\/pages\/8276\/revisions"}],"predecessor-version":[{"id":8282,"href":"https:\/\/wbs-itzehoe.de\/index.php?rest_route=\/wp\/v2\/pages\/8276\/revisions\/8282"}],"up":[{"embeddable":true,"href":"https:\/\/wbs-itzehoe.de\/index.php?rest_route=\/wp\/v2\/pages\/7195"}],"wp:attachment":[{"href":"https:\/\/wbs-itzehoe.de\/index.php?rest_route=%2Fwp%2Fv2%2Fmedia&parent=8276"}],"curies":[{"name":"wp","href":"https:\/\/api.w.org\/{rel}","templated":true}]}}