{"id":883,"date":"2013-09-08T11:02:18","date_gmt":"2013-09-08T11:02:18","guid":{"rendered":"http:\/\/test.wbs-itzehoe.de\/?page_id=883"},"modified":"2025-09-15T14:53:10","modified_gmt":"2025-09-15T12:53:10","slug":"koodinatoren","status":"publish","type":"page","link":"https:\/\/wbs-itzehoe.de\/?page_id=883","title":{"rendered":"Koordinatoren"},"content":{"rendered":"<p style=\"text-align: justify;\"><strong>Koordinatorin (5.\/6. Jahrgangsstufe)<\/strong><\/p>\n<p><img loading=\"lazy\" decoding=\"async\" class=\"alignnone wp-image-5527 size-full\" src=\"http:\/\/wbs-itzehoe.de\/wp-content\/uploads\/2018\/10\/K_Mehrens_2018.jpg\" alt=\"Kerstin Mehrens Kommisarische Koordinatorin (5.\/6. Jahrgangsstufe)\" width=\"217\" height=\"310\" srcset=\"https:\/\/wbs-itzehoe.de\/wp-content\/uploads\/2018\/10\/K_Mehrens_2018.jpg 217w, https:\/\/wbs-itzehoe.de\/wp-content\/uploads\/2018\/10\/K_Mehrens_2018-210x300.jpg 210w\" sizes=\"auto, (max-width: 217px) 100vw, 217px\" \/><\/p>\n<p><em>Frau Kerstin Mehrens<br \/>\n<\/em>Tel.: 04821\/8040890<br \/>\nE-Mail: <a href=\"mailto:kerstin.mehrens@schule-sh.de\">kerstin.mehrens@schule-sh.de<\/a><\/p>\n<p>Frau Mehrens koordiniert alle p\u00e4dagogischen Angelegenheiten der beiden untersten Jahrgangsstufen 5 &amp; 6.<\/p>\n<p>&nbsp;<\/p>\n<p><strong>Koordinator (P\u00e4dagogische Leitung 7\/8 und Wahlpflichtunterricht)<br \/>\n<\/strong><\/p>\n<p><img loading=\"lazy\" decoding=\"async\" class=\"alignnone size-medium wp-image-9958\" src=\"https:\/\/wbs-itzehoe.de\/wp-content\/uploads\/2025\/09\/IMG_7208-241x300.jpg\" alt=\"\" width=\"241\" height=\"300\" \/><\/p>\n<p><em>Herr Jan-Hendrik Rose\u00a0 \u00a0 \u00a0 \u00a0 \u00a0 \u00a0 \u00a0 \u00a0 \u00a0 \u00a0 \u00a0 \u00a0 \u00a0 \u00a0 \u00a0 \u00a0 \u00a0 \u00a0 \u00a0 \u00a0 \u00a0 \u00a0 \u00a0 \u00a0 \u00a0 \u00a0 \u00a0 \u00a0 \u00a0 \u00a0 \u00a0 \u00a0 \u00a0 \u00a0 \u00a0 \u00a0 \u00a0 \u00a0 \u00a0 \u00a0 \u00a0 \u00a0 \u00a0 \u00a0 \u00a0 \u00a0 \u00a0 \u00a0 \u00a0 \u00a0 \u00a0 \u00a0 \u00a0 \u00a0 \u00a0 \u00a0 \u00a0 \u00a0 \u00a0 \u00a0 \u00a0 <\/em>Tel.: 04821\/8040890<br \/>\nE-Mail: <a href=\"mailto:jan-hendrik.rose@schule-sh.de\" target=\"_blank\" rel=\"noopener noreferrer\">jan-hendrik.rose@schule-sh.de<\/a><\/p>\n<p>Herr Rose ist f\u00fcr die p\u00e4dagogische Leitung der 7. und 8. Jahrg\u00e4nge verantwortlich und organisiert den Wahlpflichtunterricht von der 7. bis zur 10. Klassenstufe sowie die Vergleichsarbeiten in den 6. und 8. Jahrg\u00e4ngen.<\/p>\n<p>&nbsp;<\/p>\n<p><strong>P\u00e4dagogische Leitung 9\/10 und Berufsorientierung<\/strong><\/p>\n<p><img loading=\"lazy\" decoding=\"async\" class=\"alignnone size-medium wp-image-9161\" src=\"https:\/\/wbs-itzehoe.de\/wp-content\/uploads\/2023\/09\/Foto-Wohlert-201x300.jpg\" alt=\"\" width=\"201\" height=\"300\" \/><\/p>\n<p><em>Frau Wohlert<\/em><br \/>\nTel.: 04821\/80408927<br \/>\nE-Mail: <a href=\"mailto:janrichard.behrens@schule-sh.de\">maren.wohlert@schule-sh.de<\/a><\/p>\n<p>Frau Wohlert ist f\u00fcr die p\u00e4dagogische Leitung der 9. und 10. Jahrg\u00e4nge sowie wie die Berufsorientierung der Jahrg\u00e4nge 7-10 zust\u00e4ndig. Zudem organisiert die Berufspraktika und Berufsmessen.<\/p>\n","protected":false},"excerpt":{"rendered":"<p>Koordinatorin (5.\/6. Jahrgangsstufe) Frau Kerstin Mehrens Tel.: 04821\/8040890 E-Mail: kerstin.mehrens@schule-sh.de Frau Mehrens koordiniert alle p\u00e4dagogischen Angelegenheiten der beiden untersten Jahrgangsstufen 5 &amp; 6. &nbsp; Koordinator (P\u00e4dagogische Leitung 7\/8 und Wahlpflichtunterricht) Herr Jan-Hendrik Rose\u00a0 \u00a0 \u00a0 \u00a0 \u00a0 \u00a0 \u00a0 \u00a0 &hellip; <a href=\"https:\/\/wbs-itzehoe.de\/?page_id=883\">Weiterlesen <span class=\"meta-nav\">&rarr;<\/span><\/a><\/p>\n","protected":false},"author":1,"featured_media":0,"parent":869,"menu_order":2,"comment_status":"closed","ping_status":"closed","template":"","meta":{"footnotes":""},"class_list":["post-883","page","type-page","status-publish","hentry"],"_links":{"self":[{"href":"https:\/\/wbs-itzehoe.de\/index.php?rest_route=\/wp\/v2\/pages\/883","targetHints":{"allow":["GET"]}}],"collection":[{"href":"https:\/\/wbs-itzehoe.de\/index.php?rest_route=\/wp\/v2\/pages"}],"about":[{"href":"https:\/\/wbs-itzehoe.de\/index.php?rest_route=\/wp\/v2\/types\/page"}],"author":[{"embeddable":true,"href":"https:\/\/wbs-itzehoe.de\/index.php?rest_route=\/wp\/v2\/users\/1"}],"replies":[{"embeddable":true,"href":"https:\/\/wbs-itzehoe.de\/index.php?rest_route=%2Fwp%2Fv2%2Fcomments&post=883"}],"version-history":[{"count":42,"href":"https:\/\/wbs-itzehoe.de\/index.php?rest_route=\/wp\/v2\/pages\/883\/revisions"}],"predecessor-version":[{"id":9959,"href":"https:\/\/wbs-itzehoe.de\/index.php?rest_route=\/wp\/v2\/pages\/883\/revisions\/9959"}],"up":[{"embeddable":true,"href":"https:\/\/wbs-itzehoe.de\/index.php?rest_route=\/wp\/v2\/pages\/869"}],"wp:attachment":[{"href":"https:\/\/wbs-itzehoe.de\/index.php?rest_route=%2Fwp%2Fv2%2Fmedia&parent=883"}],"curies":[{"name":"wp","href":"https:\/\/api.w.org\/{rel}","templated":true}]}}