{"id":910,"date":"2013-09-08T12:01:05","date_gmt":"2013-09-08T12:01:05","guid":{"rendered":"http:\/\/test.wbs-itzehoe.de\/?page_id=910"},"modified":"2021-01-09T14:46:54","modified_gmt":"2021-01-09T13:46:54","slug":"geschichte-der-schule","status":"publish","type":"page","link":"https:\/\/wbs-itzehoe.de\/?page_id=910","title":{"rendered":"Geschichte der Schule"},"content":{"rendered":"<p>Unsere Schule in der Gorch-Fock-Stra\u00dfe hat schon eine jahrzehntelange Geschichte hinter sich. F\u00fcr fast sechs Jahrzehnte (1951-2009) diente\u00a0der Standort\u00a0als\u00a0Realschule; die aus Archivmaterial zusammengestellte\u00a0<a title=\"Chronik der Wolfgang-Borchert-Realschule als PDF-Datei\" href=\"http:\/\/test.wbs-itzehoe.de\/wp-content\/uploads\/2013\/09\/WBR-Chronik-1951-2009.pdf\" target=\"_blank\" rel=\"noopener\">Chronik<\/a> \u00fcber 58 Jahre Wolfgang-Borchert-Realschule\u00a0ist absolut lesenswert.<\/p>\n<p>Die Wolfgang-Borchert-Schule in ihrer jetzigen\u00a0Namensgebung existiert erst seit Sommer 2014. Zuvor war sie 5 Jahre lang eine Regionalschule,\u00a0die im Jahre 2009 aus der Zusammenlegung der Wolfgang-Borchert-Realschule und der damaligen Hauptschule Sude resultierte.<\/p>\n<div id=\"attachment_226\" style=\"width: 643px\" class=\"wp-caption alignleft\"><a href=\"http:\/\/test.wbs-itzehoe.de\/wp-content\/uploads\/2010\/01\/Unterschrift.png\"><img loading=\"lazy\" decoding=\"async\" aria-describedby=\"caption-attachment-226\" class=\"wp-image-226 size-full\" src=\"http:\/\/wbs-itzehoe.de\/wp-content\/uploads\/2010\/01\/Unterschrift.png\" alt=\"Unterschrift\" width=\"633\" height=\"448\" srcset=\"https:\/\/wbs-itzehoe.de\/wp-content\/uploads\/2010\/01\/Unterschrift.png 633w, https:\/\/wbs-itzehoe.de\/wp-content\/uploads\/2010\/01\/Unterschrift-300x212.png 300w, https:\/\/wbs-itzehoe.de\/wp-content\/uploads\/2010\/01\/Unterschrift-423x300.png 423w\" sizes=\"auto, (max-width: 633px) 100vw, 633px\" \/><\/a><p id=\"caption-attachment-226\" class=\"wp-caption-text\">Die Schulleitungen der Wolfgang-Borchert-Realschule, Marlies Latzenberger, und der Hauptschule Sude, Holger Schada von Borzyskowski, unterzeichnen 2009 den Kooperationsvertrag.<\/p><\/div>\n<p>Wie die Zeit vergeht. Zum Schuljahresende 2014\/2015 wurde in feierlicher W\u00fcrdigung das Schulleitungsteam, Frau Latzenberger und Herr Schada von Borzyskowksi,\u00a0in den wohlverdienten Ruhestand versetzt. Ihre Entlassungsurkunden bekamen sie unter gro\u00dfem Beifall des Kollegiums und der Schulmitarbeiter vom Schulrat Herrn Rehder \u00fcberreicht.<\/p>\n<p>Weil sich zun\u00e4chst kein geeigneter Kandidat f\u00fcr den Posten der Schulleitung fand, \u00fcbernahm die bisherige 2. stellvertretende Schulleiterin Frau Dethlefsen ab August 2015 das Amt als kommissarische Schulleiterin.<\/p>\n<p>Seit Februar 2016 hat die WBS wieder einen gew\u00e4hlten Schulleiter. Unser neuer Chef hei\u00dft Herr Leisner.<\/p>\n","protected":false},"excerpt":{"rendered":"<p>Unsere Schule in der Gorch-Fock-Stra\u00dfe hat schon eine jahrzehntelange Geschichte hinter sich. F\u00fcr fast sechs Jahrzehnte (1951-2009) diente\u00a0der Standort\u00a0als\u00a0Realschule; die aus Archivmaterial zusammengestellte\u00a0Chronik \u00fcber 58 Jahre Wolfgang-Borchert-Realschule\u00a0ist absolut lesenswert. Die Wolfgang-Borchert-Schule in ihrer jetzigen\u00a0Namensgebung existiert erst seit Sommer 2014. Zuvor &hellip; <a href=\"https:\/\/wbs-itzehoe.de\/?page_id=910\">Weiterlesen <span class=\"meta-nav\">&rarr;<\/span><\/a><\/p>\n","protected":false},"author":1,"featured_media":0,"parent":901,"menu_order":10,"comment_status":"closed","ping_status":"closed","template":"","meta":{"footnotes":""},"class_list":["post-910","page","type-page","status-publish","hentry"],"_links":{"self":[{"href":"https:\/\/wbs-itzehoe.de\/index.php?rest_route=\/wp\/v2\/pages\/910","targetHints":{"allow":["GET"]}}],"collection":[{"href":"https:\/\/wbs-itzehoe.de\/index.php?rest_route=\/wp\/v2\/pages"}],"about":[{"href":"https:\/\/wbs-itzehoe.de\/index.php?rest_route=\/wp\/v2\/types\/page"}],"author":[{"embeddable":true,"href":"https:\/\/wbs-itzehoe.de\/index.php?rest_route=\/wp\/v2\/users\/1"}],"replies":[{"embeddable":true,"href":"https:\/\/wbs-itzehoe.de\/index.php?rest_route=%2Fwp%2Fv2%2Fcomments&post=910"}],"version-history":[{"count":11,"href":"https:\/\/wbs-itzehoe.de\/index.php?rest_route=\/wp\/v2\/pages\/910\/revisions"}],"predecessor-version":[{"id":6939,"href":"https:\/\/wbs-itzehoe.de\/index.php?rest_route=\/wp\/v2\/pages\/910\/revisions\/6939"}],"up":[{"embeddable":true,"href":"https:\/\/wbs-itzehoe.de\/index.php?rest_route=\/wp\/v2\/pages\/901"}],"wp:attachment":[{"href":"https:\/\/wbs-itzehoe.de\/index.php?rest_route=%2Fwp%2Fv2%2Fmedia&parent=910"}],"curies":[{"name":"wp","href":"https:\/\/api.w.org\/{rel}","templated":true}]}}