{"id":951,"date":"2013-09-08T13:26:01","date_gmt":"2013-09-08T13:26:01","guid":{"rendered":"http:\/\/test.wbs-itzehoe.de\/?page_id=951"},"modified":"2023-08-29T12:47:43","modified_gmt":"2023-08-29T10:47:43","slug":"umgang-mit-schulbuechern","status":"publish","type":"page","link":"https:\/\/wbs-itzehoe.de\/?page_id=951","title":{"rendered":"Umgang mit Schulb\u00fcchern"},"content":{"rendered":"<p>Die Schulbuchausleihe der WBS erfolgt digital \u00fcber IServ.<\/p>\n<p>Um die Sch\u00fclerInnen zu einem verantwortungsbewussten und pfleglichen Umgang mit den Schulb\u00fcchern zu erziehen, belegen wir das unsachgem\u00e4\u00dfe Behandeln neuer, bzw. neuwertiger B\u00fccher (bis zum 3. Benutzer) mit geringen Geldbetr\u00e4gen. Hierauf und auf das sachgerechte Einschlagen werden die Sch\u00fclerInnen hingewiesen. Um nicht f\u00fcr Sch\u00e4den des Vorbesitzers aufkommen zu m\u00fcssen, tragen die Sch\u00fclerInnen solche M\u00e4ngel in ihr pers\u00f6nliches B\u00fccherbeiblatt ein. Damit die Schulb\u00fccher m\u00f6glichst lange in einem guten Zustand bleiben, sollten sie in starkes Papier und ohne Tesastreifen im Einband eingeschlagen werden.<\/p>\n<p><span style=\"text-decoration: underline;\">Unser M\u00e4ngelkatalog sieht folgende Betr\u00e4ge vor:<\/span><\/p>\n<ul>\n<li>Tesastreifen im Einband &#8211; 50 Cent<\/li>\n<li>kleine Wasser-\/ Saftsch\u00e4den, (bei Totalschaden Neuanschaffung) &#8211; bis zu 4 Euro<\/li>\n<li>zerknickte, zerrissene, beschmutzte Einb\u00e4nde oder Seiten &#8211; bis zu 2 Euro<\/li>\n<li>falsche Eintragungen im Namenstempel, bzw. im B\u00fccherbeiblatt &#8211; 50 Cent<\/li>\n<li>Versp\u00e4tete Abgabe pro Buch &#8211; 5 Euro<\/li>\n<li>Kritzeleien (vor allen Dingen menschenverachtende\/obsz\u00f6ne) &#8211; bis zum Neuanschaffungspreis<\/li>\n<li>Totalschaden &#8211; Neuanschaffungspreis<\/li>\n<\/ul>\n<p>Das Geld f\u00fcr Sch\u00e4den an den Schulb\u00fcchern wird zur Anschaffung neuer B\u00fccher verwendet.<\/p>\n<p>Ansprechpartner f\u00fcr die Lehrmittelb\u00fccherei: Herr Roeder und Frau Wendtland<\/p>\n","protected":false},"excerpt":{"rendered":"<p>Die Schulbuchausleihe der WBS erfolgt digital \u00fcber IServ. Um die Sch\u00fclerInnen zu einem verantwortungsbewussten und pfleglichen Umgang mit den Schulb\u00fcchern zu erziehen, belegen wir das unsachgem\u00e4\u00dfe Behandeln neuer, bzw. neuwertiger B\u00fccher (bis zum 3. Benutzer) mit geringen Geldbetr\u00e4gen. Hierauf und &hellip; <a href=\"https:\/\/wbs-itzehoe.de\/?page_id=951\">Weiterlesen <span class=\"meta-nav\">&rarr;<\/span><\/a><\/p>\n","protected":false},"author":1,"featured_media":0,"parent":901,"menu_order":7,"comment_status":"closed","ping_status":"closed","template":"","meta":{"footnotes":""},"class_list":["post-951","page","type-page","status-publish","hentry"],"_links":{"self":[{"href":"https:\/\/wbs-itzehoe.de\/index.php?rest_route=\/wp\/v2\/pages\/951","targetHints":{"allow":["GET"]}}],"collection":[{"href":"https:\/\/wbs-itzehoe.de\/index.php?rest_route=\/wp\/v2\/pages"}],"about":[{"href":"https:\/\/wbs-itzehoe.de\/index.php?rest_route=\/wp\/v2\/types\/page"}],"author":[{"embeddable":true,"href":"https:\/\/wbs-itzehoe.de\/index.php?rest_route=\/wp\/v2\/users\/1"}],"replies":[{"embeddable":true,"href":"https:\/\/wbs-itzehoe.de\/index.php?rest_route=%2Fwp%2Fv2%2Fcomments&post=951"}],"version-history":[{"count":7,"href":"https:\/\/wbs-itzehoe.de\/index.php?rest_route=\/wp\/v2\/pages\/951\/revisions"}],"predecessor-version":[{"id":9090,"href":"https:\/\/wbs-itzehoe.de\/index.php?rest_route=\/wp\/v2\/pages\/951\/revisions\/9090"}],"up":[{"embeddable":true,"href":"https:\/\/wbs-itzehoe.de\/index.php?rest_route=\/wp\/v2\/pages\/901"}],"wp:attachment":[{"href":"https:\/\/wbs-itzehoe.de\/index.php?rest_route=%2Fwp%2Fv2%2Fmedia&parent=951"}],"curies":[{"name":"wp","href":"https:\/\/api.w.org\/{rel}","templated":true}]}}