{"id":974,"date":"2013-09-08T14:28:44","date_gmt":"2013-09-08T14:28:44","guid":{"rendered":"http:\/\/test.wbs-itzehoe.de\/?page_id=974"},"modified":"2021-02-20T12:09:43","modified_gmt":"2021-02-20T11:09:43","slug":"deutsch","status":"publish","type":"page","link":"https:\/\/wbs-itzehoe.de\/?page_id=974","title":{"rendered":"Deutsch"},"content":{"rendered":"<p>Die PISA-Studie hat es mehrfach gezeigt: Wer sinnentnehmendes Lesen oder fehlerfreies Schreiben nicht beherrscht, wird auch in anderen Bereichen Schwierigkeiten bekommen. Dem Deutschunterricht kommt somit eine zentrale Funktion zu. Dem tragen wir Rechnung, indem wir diesem Fach <span style=\"text-decoration: underline;\"><strong>viele Stunden im Stundenplan<\/strong><\/span> einr\u00e4umen. In Klasse 5 und 6 ist das Fach Deutsch mit sechs bzw. vier Wochenstunden vertreten. Hinzu kommen Stunden f\u00fcr die F\u00f6rderung in der Rechtschreibung im kleinen Kreis, da Legastheniker bei uns eine gesonderte F\u00f6rderung genie\u00dfen.<\/p>\n<p>Innerhalb des Deutschunterrichts liegt ein Hauptaugenmerk auf der <span style=\"text-decoration: underline;\"><strong>Lesef\u00f6rderung<\/strong><\/span>. Neben der t\u00e4glichen Lesezeit, Besuchen der Itzehoer Stadtb\u00fccherei und Lesewettbewerben wird insbesondere in der 5. Klasse das sinnentnehmende und laute Vorlesen trainiert. Unsere Deutschlehrkr\u00e4fte halten Kontakt zu <span style=\"text-decoration: underline;\"><strong>weiterf\u00fchrenden Schulen<\/strong><\/span>, um unseren Sch\u00fclern und Sch\u00fclerinnen im Fach Deutsch einen nahtlosen \u00dcbergang zu erm\u00f6glichen. Zudem werden von unseren Deutschlehrern regelm\u00e4\u00dfig <span style=\"text-decoration: underline;\"><strong>Fortbildungen<\/strong><\/span> besucht, u.a. zu folgenden Themen: <strong>&#8211; Ausbildung zum Lesecoach<\/strong> <strong>&#8211; Medienkompetenz<\/strong> <strong>&#8211; Grammatische Kompetenz<\/strong> <strong>&#8211; Heterogenit\u00e4t im Alltag! Differenzierung ist die Antwort!<\/strong><\/p>\n<p>Um den regul\u00e4ren Deutschunterricht dar\u00fcber hinaus zu bereichern, bieten wir unseren Sch\u00fclern und Sch\u00fclerinnen <strong>Theaterbesuche<\/strong>, <strong>Autorenlesungen<\/strong>, <strong>Zeitungsprojekte<\/strong> oder auch <strong>Leseabende<\/strong>.<\/p>\n<p><strong>Unterrichtsimpressionen<\/strong> \u00a0 <iframe loading=\"lazy\" src=\"\/\/www.youtube.com\/embed\/KoQerTTce10?feature=player_embedded\" width=\"640\" height=\"360\" frameborder=\"0\" allowfullscreen=\"allowfullscreen\"><\/iframe><\/p>\n","protected":false},"excerpt":{"rendered":"<p>Die PISA-Studie hat es mehrfach gezeigt: Wer sinnentnehmendes Lesen oder fehlerfreies Schreiben nicht beherrscht, wird auch in anderen Bereichen Schwierigkeiten bekommen. Dem Deutschunterricht kommt somit eine zentrale Funktion zu. Dem tragen wir Rechnung, indem wir diesem Fach viele Stunden im &hellip; <a href=\"https:\/\/wbs-itzehoe.de\/?page_id=974\">Weiterlesen <span class=\"meta-nav\">&rarr;<\/span><\/a><\/p>\n","protected":false},"author":1,"featured_media":0,"parent":968,"menu_order":0,"comment_status":"closed","ping_status":"closed","template":"","meta":{"footnotes":""},"class_list":["post-974","page","type-page","status-publish","hentry"],"_links":{"self":[{"href":"https:\/\/wbs-itzehoe.de\/index.php?rest_route=\/wp\/v2\/pages\/974","targetHints":{"allow":["GET"]}}],"collection":[{"href":"https:\/\/wbs-itzehoe.de\/index.php?rest_route=\/wp\/v2\/pages"}],"about":[{"href":"https:\/\/wbs-itzehoe.de\/index.php?rest_route=\/wp\/v2\/types\/page"}],"author":[{"embeddable":true,"href":"https:\/\/wbs-itzehoe.de\/index.php?rest_route=\/wp\/v2\/users\/1"}],"replies":[{"embeddable":true,"href":"https:\/\/wbs-itzehoe.de\/index.php?rest_route=%2Fwp%2Fv2%2Fcomments&post=974"}],"version-history":[{"count":11,"href":"https:\/\/wbs-itzehoe.de\/index.php?rest_route=\/wp\/v2\/pages\/974\/revisions"}],"predecessor-version":[{"id":6145,"href":"https:\/\/wbs-itzehoe.de\/index.php?rest_route=\/wp\/v2\/pages\/974\/revisions\/6145"}],"up":[{"embeddable":true,"href":"https:\/\/wbs-itzehoe.de\/index.php?rest_route=\/wp\/v2\/pages\/968"}],"wp:attachment":[{"href":"https:\/\/wbs-itzehoe.de\/index.php?rest_route=%2Fwp%2Fv2%2Fmedia&parent=974"}],"curies":[{"name":"wp","href":"https:\/\/api.w.org\/{rel}","templated":true}]}}