{"id":991,"date":"2013-09-08T14:37:37","date_gmt":"2013-09-08T14:37:37","guid":{"rendered":"http:\/\/test.wbs-itzehoe.de\/?page_id=991"},"modified":"2018-02-22T22:13:01","modified_gmt":"2018-02-22T21:13:01","slug":"soziales-lernen","status":"publish","type":"page","link":"https:\/\/wbs-itzehoe.de\/?page_id=991","title":{"rendered":"Soziales Lernen"},"content":{"rendered":"<p><strong>Streit gibt es bei uns nicht \u2026<\/strong><\/p>\n<p>Das <strong>\u201eSoziale Lernen\u201c<\/strong> ist ein Unterricht f\u00fcr Sch\u00fclerInnen der 5. Jahrgangsstufe, in dem prozessorientiert an der Gruppendynamik gearbeitet wird. Damit soll ein positives soziales Klima in den Klassen gef\u00f6rdert werden. Die Sch\u00fclerInnen werden durch diesen Unterricht unterst\u00fctzt, sich angemessen in die eigene Klasse einzubringen, sich respektvoll den anderen gegen\u00fcber zu verhalten und sich in der Klassengemeinschaft wohl zu f\u00fchlen.<\/p>\n<p><a href=\"http:\/\/test.wbs-itzehoe.de\/wp-content\/uploads\/2013\/09\/IMG_3259.jpg\"><img loading=\"lazy\" decoding=\"async\" class=\"alignleft size-medium wp-image-1252\" src=\"http:\/\/test.wbs-itzehoe.de\/wp-content\/uploads\/2013\/09\/IMG_3259-276x300.jpg\" alt=\"IMG_3259\" width=\"276\" height=\"300\" srcset=\"https:\/\/wbs-itzehoe.de\/wp-content\/uploads\/2013\/09\/IMG_3259-276x300.jpg 276w, https:\/\/wbs-itzehoe.de\/wp-content\/uploads\/2013\/09\/IMG_3259.jpg 738w\" sizes=\"auto, (max-width: 276px) 100vw, 276px\" \/><\/a>Weiterhin trainieren die Sch\u00fclerInnen im \u201eSozialen Lernen\u201c eigene soziale und emotionale Kompetenzen. Ebenso werden kommunikative F\u00e4higkeiten gef\u00f6rdert, damit die Kinder mit Konflikten konstruktiv umgehen k\u00f6nnen. Hierf\u00fcr wird mit den Sch\u00fclerInnen verschiedene M\u00f6glichkeiten f\u00fcr Konfliktl\u00f6sungen und Strategien zur Konfliktvermeidung erarbeitet und ge\u00fcbt, mit denen sie viele Streitereien selbstst\u00e4ndig untereinander l\u00f6sen k\u00f6nnen. Das \u201eSoziale Lernen\u201c will durch den Aufbau tragf\u00e4higer pers\u00f6nlicher Beziehungen innerhalb einer Klasse dazu beitragen, das Gemeinschaftsgef\u00fchl und den Zusammenhalt der Sch\u00fclerInnen in der Klasse zu st\u00e4rken, sowie die Lernmotivation zu steigern.<\/p>\n<p>Der Unterricht \u201eSoziales Lernen\u201c ber\u00fccksichtigt folgende Inhalte:<\/p>\n<p><strong>1. Individuelle Kompetenzen st\u00e4rken<\/strong><\/p>\n<ul>\n<li>eigene St\u00e4rken und Schw\u00e4chen erkennen<\/li>\n<li>Selbst- und Fremdbild wahrnehmen<\/li>\n<li>Einf\u00fchlungsverm\u00f6gen \u00fcben<\/li>\n<li>eigene Entwicklungspotenziale entdecken<\/li>\n<\/ul>\n<p><strong>2. Klassengemeinschaft f\u00f6rdern<\/strong><\/p>\n<ul>\n<li>Rollen in der Klassengemeinschaft erkennen und damit konstruktiv umgehen<\/li>\n<li>Ausgrenzungsmechanismen erkennen<\/li>\n<li>Anerkennung geben<\/li>\n<li>Respekt und Toleranz \u00fcben<\/li>\n<li>Feedback geben<\/li>\n<li>soziale Spielregeln ein\u00fcben<\/li>\n<\/ul>\n<p><strong>3. Konflikttraining<\/strong><\/p>\n<ul>\n<li>Umgang mit Aggressionen<\/li>\n<li>Faires Streiten<\/li>\n<li>Kommunikation<\/li>\n<\/ul>\n<p>Die Unterrichtsmethoden beziehen sich in der Regel auf das soziale System der ganzen Klasse und unterst\u00fctzen die Sch\u00fclerInnen dabei, soziale Spielregeln f\u00fcr einen respektvollen Umgang miteinander zu lernen. Um dies zu erm\u00f6glichen, werden Methoden des lebendigen Lernens angewandt, wie z.B. Rollenspiele, Kooperations\u00fcbungen, gestalterischen Elementen, Diskussionen, Standpunkt\u00fcbungen und Arbeitsb\u00f6gen. W\u00e4hrend des gesamten \u201eSozialen Lernens\u201c wird prozessorientiert gearbeitet, das bedeutet, dass aktuelle Ereignisse in der Klasse sofort bearbeitet werden k\u00f6nnen.<\/p>\n<p><strong>Zeitlicher Rahmen<\/strong><\/p>\n<p>In der ersten Woche nach den Herbstferien findet in jeder Klasse ein Kompakttag statt. Daran anschlie\u00dfend hat jede Klasse w\u00e4hrend des ganzen Schuljahres eine Unterrichtsstunde in der Woche \u201eSoziales Lernen\u201c.<\/p>\n","protected":false},"excerpt":{"rendered":"<p>Streit gibt es bei uns nicht \u2026 Das \u201eSoziale Lernen\u201c ist ein Unterricht f\u00fcr Sch\u00fclerInnen der 5. Jahrgangsstufe, in dem prozessorientiert an der Gruppendynamik gearbeitet wird. Damit soll ein positives soziales Klima in den Klassen gef\u00f6rdert werden. Die Sch\u00fclerInnen werden &hellip; <a href=\"https:\/\/wbs-itzehoe.de\/?page_id=991\">Weiterlesen <span class=\"meta-nav\">&rarr;<\/span><\/a><\/p>\n","protected":false},"author":1,"featured_media":0,"parent":960,"menu_order":8,"comment_status":"closed","ping_status":"closed","template":"","meta":{"footnotes":""},"class_list":["post-991","page","type-page","status-publish","hentry"],"_links":{"self":[{"href":"https:\/\/wbs-itzehoe.de\/index.php?rest_route=\/wp\/v2\/pages\/991","targetHints":{"allow":["GET"]}}],"collection":[{"href":"https:\/\/wbs-itzehoe.de\/index.php?rest_route=\/wp\/v2\/pages"}],"about":[{"href":"https:\/\/wbs-itzehoe.de\/index.php?rest_route=\/wp\/v2\/types\/page"}],"author":[{"embeddable":true,"href":"https:\/\/wbs-itzehoe.de\/index.php?rest_route=\/wp\/v2\/users\/1"}],"replies":[{"embeddable":true,"href":"https:\/\/wbs-itzehoe.de\/index.php?rest_route=%2Fwp%2Fv2%2Fcomments&post=991"}],"version-history":[{"count":5,"href":"https:\/\/wbs-itzehoe.de\/index.php?rest_route=\/wp\/v2\/pages\/991\/revisions"}],"predecessor-version":[{"id":5255,"href":"https:\/\/wbs-itzehoe.de\/index.php?rest_route=\/wp\/v2\/pages\/991\/revisions\/5255"}],"up":[{"embeddable":true,"href":"https:\/\/wbs-itzehoe.de\/index.php?rest_route=\/wp\/v2\/pages\/960"}],"wp:attachment":[{"href":"https:\/\/wbs-itzehoe.de\/index.php?rest_route=%2Fwp%2Fv2%2Fmedia&parent=991"}],"curies":[{"name":"wp","href":"https:\/\/api.w.org\/{rel}","templated":true}]}}